[INFO] cloning repository https://github.com/derekchiang/rust-hyperdex-example
[INFO] running `Command { std: "git" "-c" "credential.helper=" "-c" "credential.helper=/workspace/cargo-home/bin/git-credential-null" "clone" "--bare" "https://github.com/derekchiang/rust-hyperdex-example" "/workspace/cache/git-repos/https%3A%2F%2Fgithub.com%2Fderekchiang%2Frust-hyperdex-example", kill_on_drop: false }`
[INFO] [stderr] Cloning into bare repository '/workspace/cache/git-repos/https%3A%2F%2Fgithub.com%2Fderekchiang%2Frust-hyperdex-example'...
[INFO] running `Command { std: "git" "rev-parse" "HEAD", kill_on_drop: false }`
[INFO] [stdout] 17b593bc4f36af7b36a59cd7a475ae5d84b61587
[INFO] checking derekchiang/rust-hyperdex-example against master#cfbc6d4cf1acbac5c025acf8ed68929caa551df3 for pr-75494-beta
[INFO] running `Command { std: "git" "clone" "/workspace/cache/git-repos/https%3A%2F%2Fgithub.com%2Fderekchiang%2Frust-hyperdex-example" "/workspace/builds/worker-0/source", kill_on_drop: false }`
[INFO] [stderr] Cloning into '/workspace/builds/worker-0/source'...
[INFO] [stderr] done.
[INFO] validating manifest of git repo https://github.com/derekchiang/rust-hyperdex-example on toolchain cfbc6d4cf1acbac5c025acf8ed68929caa551df3
[INFO] running `Command { std: "/workspace/cargo-home/bin/cargo" "+cfbc6d4cf1acbac5c025acf8ed68929caa551df3" "read-manifest" "--manifest-path" "Cargo.toml", kill_on_drop: false }`
[INFO] started tweaking git repo https://github.com/derekchiang/rust-hyperdex-example
[INFO] finished tweaking git repo https://github.com/derekchiang/rust-hyperdex-example
[INFO] tweaked toml for git repo https://github.com/derekchiang/rust-hyperdex-example written to /workspace/builds/worker-0/source/Cargo.toml
[INFO] crate git repo https://github.com/derekchiang/rust-hyperdex-example already has a lockfile, it will not be regenerated
[INFO] running `Command { std: "/workspace/cargo-home/bin/cargo" "+cfbc6d4cf1acbac5c025acf8ed68929caa551df3" "fetch" "--locked" "--manifest-path" "Cargo.toml", kill_on_drop: false }`
[INFO] [stderr] error: the lock file /workspace/builds/worker-0/source/Cargo.lock needs to be updated but --locked was passed to prevent this
[INFO] [stderr] If you want to try to generate the lock file without accessing the network, use the --offline flag.
[INFO] the lockfile is outdated, regenerating it
[INFO] running `Command { std: "/workspace/cargo-home/bin/cargo" "+cfbc6d4cf1acbac5c025acf8ed68929caa551df3" "generate-lockfile" "--manifest-path" "Cargo.toml" "-Zno-index-update", kill_on_drop: false }`
[INFO] running `Command { std: "/workspace/cargo-home/bin/cargo" "+cfbc6d4cf1acbac5c025acf8ed68929caa551df3" "fetch" "--locked" "--manifest-path" "Cargo.toml", kill_on_drop: false }`
[INFO] [stderr]  Downloading crates ...
[INFO] [stderr]   Downloaded errno v0.1.8
[INFO] [stderr]   Downloaded hyperdex v1.1.0
[INFO] running `Command { std: "docker" "create" "-v" "/var/lib/crater-agent-workspace/builds/worker-0/target:/opt/rustwide/target:rw,Z" "-v" "/var/lib/crater-agent-workspace/builds/worker-0/source:/opt/rustwide/workdir:ro,Z" "-v" "/var/lib/crater-agent-workspace/cargo-home:/opt/rustwide/cargo-home:ro,Z" "-v" "/var/lib/crater-agent-workspace/rustup-home:/opt/rustwide/rustup-home:ro,Z" "-e" "SOURCE_DIR=/opt/rustwide/workdir" "-e" "CARGO_TARGET_DIR=/opt/rustwide/target" "-e" "CARGO_HOME=/opt/rustwide/cargo-home" "-e" "RUSTUP_HOME=/opt/rustwide/rustup-home" "-w" "/opt/rustwide/workdir" "-m" "1610612736" "--user" "0:0" "--network" "none" "rustops/crates-build-env@sha256:a636fd89d022f18117e1dc8fb37a0a009933cdbbe082814857f0e2024962d47c" "/opt/rustwide/cargo-home/bin/cargo" "+cfbc6d4cf1acbac5c025acf8ed68929caa551df3" "metadata" "--no-deps" "--format-version=1", kill_on_drop: false }`
[INFO] [stderr] WARNING: Your kernel does not support swap limit capabilities or the cgroup is not mounted. Memory limited without swap.
[INFO] [stdout] f7ddec8894bce404a74b077d91c89e529b10a46358094031df4a30e761cef47b
[INFO] running `Command { std: "docker" "start" "-a" "f7ddec8894bce404a74b077d91c89e529b10a46358094031df4a30e761cef47b", kill_on_drop: false }`
[INFO] running `Command { std: "docker" "inspect" "f7ddec8894bce404a74b077d91c89e529b10a46358094031df4a30e761cef47b", kill_on_drop: false }`
[INFO] running `Command { std: "docker" "rm" "-f" "f7ddec8894bce404a74b077d91c89e529b10a46358094031df4a30e761cef47b", kill_on_drop: false }`
[INFO] [stdout] f7ddec8894bce404a74b077d91c89e529b10a46358094031df4a30e761cef47b
[INFO] running `Command { std: "docker" "create" "-v" "/var/lib/crater-agent-workspace/builds/worker-0/target:/opt/rustwide/target:rw,Z" "-v" "/var/lib/crater-agent-workspace/builds/worker-0/source:/opt/rustwide/workdir:ro,Z" "-v" "/var/lib/crater-agent-workspace/cargo-home:/opt/rustwide/cargo-home:ro,Z" "-v" "/var/lib/crater-agent-workspace/rustup-home:/opt/rustwide/rustup-home:ro,Z" "-e" "SOURCE_DIR=/opt/rustwide/workdir" "-e" "CARGO_TARGET_DIR=/opt/rustwide/target" "-e" "CARGO_INCREMENTAL=0" "-e" "RUST_BACKTRACE=full" "-e" "RUSTFLAGS=--cap-lints=forbid" "-e" "CARGO_HOME=/opt/rustwide/cargo-home" "-e" "RUSTUP_HOME=/opt/rustwide/rustup-home" "-w" "/opt/rustwide/workdir" "-m" "1610612736" "--user" "0:0" "--network" "none" "rustops/crates-build-env@sha256:a636fd89d022f18117e1dc8fb37a0a009933cdbbe082814857f0e2024962d47c" "/opt/rustwide/cargo-home/bin/cargo" "+cfbc6d4cf1acbac5c025acf8ed68929caa551df3" "check" "--frozen" "--all" "--all-targets" "--message-format=json", kill_on_drop: false }`
[INFO] [stdout] b9129bdc5f4991da90535e381e2c239b6fb330a5de363b6fbfa81a30a0cd852a
[INFO] [stderr] WARNING: Your kernel does not support swap limit capabilities or the cgroup is not mounted. Memory limited without swap.
[INFO] running `Command { std: "docker" "start" "-a" "b9129bdc5f4991da90535e381e2c239b6fb330a5de363b6fbfa81a30a0cd852a", kill_on_drop: false }`
[INFO] [stderr]     Checking num_cpus v1.13.0
[INFO] [stderr]     Checking errno v0.1.8
[INFO] [stderr]     Checking hyperdex v1.1.0
[INFO] [stdout] error[E0432]: unresolved import `std::sync::Future`
[INFO] [stdout]   --> /opt/rustwide/cargo-home/registry/src/github.com-1ecc6299db9ec823/hyperdex-1.1.0/src/client.rs:16:5
[INFO] [stdout]    |
[INFO] [stdout] 16 | use std::sync::Future;
[INFO] [stdout]    |     ^^^^^^^^^^^^^^^^^ no `Future` in `sync`
[INFO] [stdout] 
[INFO] [stdout] 
[INFO] [stdout] error[E0432]: unresolved import `std::sync::Future`
[INFO] [stdout]  --> /opt/rustwide/cargo-home/registry/src/github.com-1ecc6299db9ec823/hyperdex-1.1.0/src/admin.rs:3:5
[INFO] [stdout]   |
[INFO] [stdout] 3 | use std::sync::Future;
[INFO] [stdout]   |     ^^^^^^^^^^^^^^^^^ no `Future` in `sync`
[INFO] [stdout] 
[INFO] [stdout] 
[INFO] [stdout] error[E0432]: unresolved import `std::thunk`
[INFO] [stdout]  --> /opt/rustwide/cargo-home/registry/src/github.com-1ecc6299db9ec823/hyperdex-1.1.0/src/admin.rs:4:10
[INFO] [stdout]   |
[INFO] [stdout] 4 | use std::thunk::Thunk;
[INFO] [stdout]   |          ^^^^^ could not find `thunk` in `std`
[INFO] [stdout] 
[INFO] [stdout] 
[INFO] [stdout] error: cannot find macro `select` in this scope
[INFO] [stdout]   --> /opt/rustwide/cargo-home/registry/src/github.com-1ecc6299db9ec823/hyperdex-1.1.0/src/admin.rs:99:21
[INFO] [stdout]    |
[INFO] [stdout] 99 |                     select!(
[INFO] [stdout]    |                     ^^^^^^
[INFO] [stdout] 
[INFO] [stdout] 
[INFO] [stdout] error[E0554]: `#![feature]` may not be used on the beta release channel
[INFO] [stdout]  --> /opt/rustwide/cargo-home/registry/src/github.com-1ecc6299db9ec823/hyperdex-1.1.0/src/lib.rs:1:1
[INFO] [stdout]   |
[INFO] [stdout] 1 | #![feature(concat_idents)]
[INFO] [stdout]   | ^^^^^^^^^^^^^^^^^^^^^^^^^^
[INFO] [stdout] 
[INFO] [stdout] 
[INFO] [stdout] error[E0554]: `#![feature]` may not be used on the beta release channel
[INFO] [stdout]  --> /opt/rustwide/cargo-home/registry/src/github.com-1ecc6299db9ec823/hyperdex-1.1.0/src/lib.rs:2:1
[INFO] [stdout]   |
[INFO] [stdout] 2 | #![feature(slicing_syntax)]
[INFO] [stdout]   | ^^^^^^^^^^^^^^^^^^^^^^^^^^^
[INFO] [stdout] 
[INFO] [stdout] 
[INFO] [stdout] error[E0554]: `#![feature]` may not be used on the beta release channel
[INFO] [stdout]  --> /opt/rustwide/cargo-home/registry/src/github.com-1ecc6299db9ec823/hyperdex-1.1.0/src/lib.rs:3:1
[INFO] [stdout]   |
[INFO] [stdout] 3 | #![feature(box_syntax)]
[INFO] [stdout]   | ^^^^^^^^^^^^^^^^^^^^^^^
[INFO] [stdout] 
[INFO] [stdout] 
[INFO] [stdout] error[E0554]: `#![feature]` may not be used on the beta release channel
[INFO] [stdout]  --> /opt/rustwide/cargo-home/registry/src/github.com-1ecc6299db9ec823/hyperdex-1.1.0/src/lib.rs:4:1
[INFO] [stdout]   |
[INFO] [stdout] 4 | #![feature(libc)]
[INFO] [stdout]   | ^^^^^^^^^^^^^^^^^
[INFO] [stdout] 
[INFO] [stdout] 
[INFO] [stdout] error[E0554]: `#![feature]` may not be used on the beta release channel
[INFO] [stdout]  --> /opt/rustwide/cargo-home/registry/src/github.com-1ecc6299db9ec823/hyperdex-1.1.0/src/lib.rs:5:1
[INFO] [stdout]   |
[INFO] [stdout] 5 | #![feature(unique)]
[INFO] [stdout]   | ^^^^^^^^^^^^^^^^^^^
[INFO] [stdout] 
[INFO] [stdout] 
[INFO] [stdout] error[E0554]: `#![feature]` may not be used on the beta release channel
[INFO] [stdout]  --> /opt/rustwide/cargo-home/registry/src/github.com-1ecc6299db9ec823/hyperdex-1.1.0/src/lib.rs:6:1
[INFO] [stdout]   |
[INFO] [stdout] 6 | #![feature(std_misc)]
[INFO] [stdout]   | ^^^^^^^^^^^^^^^^^^^^^
[INFO] [stdout] 
[INFO] [stdout] 
[INFO] [stdout] error[E0554]: `#![feature]` may not be used on the beta release channel
[INFO] [stdout]  --> /opt/rustwide/cargo-home/registry/src/github.com-1ecc6299db9ec823/hyperdex-1.1.0/src/lib.rs:7:1
[INFO] [stdout]   |
[INFO] [stdout] 7 | #![feature(collections)]
[INFO] [stdout]   | ^^^^^^^^^^^^^^^^^^^^^^^^
[INFO] [stdout] 
[INFO] [stdout] 
[INFO] [stdout] error[E0554]: `#![feature]` may not be used on the beta release channel
[INFO] [stdout]  --> /opt/rustwide/cargo-home/registry/src/github.com-1ecc6299db9ec823/hyperdex-1.1.0/src/lib.rs:8:1
[INFO] [stdout]   |
[INFO] [stdout] 8 | #![feature(ip_addr)]
[INFO] [stdout]   | ^^^^^^^^^^^^^^^^^^^^
[INFO] [stdout] 
[INFO] [stdout] 
[INFO] [stdout] error[E0554]: `#![feature]` may not be used on the beta release channel
[INFO] [stdout]  --> /opt/rustwide/cargo-home/registry/src/github.com-1ecc6299db9ec823/hyperdex-1.1.0/src/lib.rs:9:1
[INFO] [stdout]   |
[INFO] [stdout] 9 | #![feature(convert)]
[INFO] [stdout]   | ^^^^^^^^^^^^^^^^^^^^
[INFO] [stdout] 
[INFO] [stdout] 
[INFO] [stdout] error[E0658]: use of unstable library feature 'ptr_internals': use `NonNull` instead and consider `PhantomData<T>` (if you also use `#[may_dangle]`), `Send`, and/or `Sync`
[INFO] [stdout]   --> /opt/rustwide/cargo-home/registry/src/github.com-1ecc6299db9ec823/hyperdex-1.1.0/src/client.rs:10:32
[INFO] [stdout]    |
[INFO] [stdout] 10 | use std::ptr::{null, null_mut, Unique};
[INFO] [stdout]    |                                ^^^^^^
[INFO] [stdout] 
[INFO] [stdout] 
[INFO] [stdout] error[E0658]: use of unstable library feature 'ptr_internals': use `NonNull` instead and consider `PhantomData<T>` (if you also use `#[may_dangle]`), `Send`, and/or `Sync`
[INFO] [stdout]    --> /opt/rustwide/cargo-home/registry/src/github.com-1ecc6299db9ec823/hyperdex-1.1.0/src/client.rs:860:10
[INFO] [stdout]     |
[INFO] [stdout] 860 |     ptr: Unique<Struct_hyperdex_client>,
[INFO] [stdout]     |          ^^^^^^^^^^^^^^^^^^^^^^^^^^^^^^
[INFO] [stdout] 
[INFO] [stdout] 
[INFO] [stdout] error[E0658]: use of unstable library feature 'ptr_internals': use `NonNull` instead and consider `PhantomData<T>` (if you also use `#[may_dangle]`), `Send`, and/or `Sync`
[INFO] [stdout]    --> /opt/rustwide/cargo-home/registry/src/github.com-1ecc6299db9ec823/hyperdex-1.1.0/src/client.rs:869:27
[INFO] [stdout]     |
[INFO] [stdout] 869 |             ptr: unsafe { Unique::new(*self.ptr) },
[INFO] [stdout]     |                           ^^^^^^^^^^^
[INFO] [stdout] 
[INFO] [stdout] 
[INFO] [stdout] error[E0658]: use of unstable library feature 'ptr_internals': use `NonNull` instead and consider `PhantomData<T>` (if you also use `#[may_dangle]`), `Send`, and/or `Sync`
[INFO] [stdout]     --> /opt/rustwide/cargo-home/registry/src/github.com-1ecc6299db9ec823/hyperdex-1.1.0/src/client.rs:1478:35
[INFO] [stdout]      |
[INFO] [stdout] 1478 |                     ptr: unsafe { Unique::new(ptr) },
[INFO] [stdout]      |                                   ^^^^^^^^^^^
[INFO] [stdout] 
[INFO] [stdout] 
[INFO] [stdout] error[E0658]: use of unstable library feature 'ptr_internals': use `NonNull` instead and consider `PhantomData<T>` (if you also use `#[may_dangle]`), `Send`, and/or `Sync`
[INFO] [stdout]  --> /opt/rustwide/cargo-home/registry/src/github.com-1ecc6299db9ec823/hyperdex-1.1.0/src/admin.rs:7:16
[INFO] [stdout]   |
[INFO] [stdout] 7 | use std::ptr::{Unique, null, null_mut};
[INFO] [stdout]   |                ^^^^^^
[INFO] [stdout] 
[INFO] [stdout] 
[INFO] [stdout] error[E0658]: use of unstable library feature 'ptr_internals': use `NonNull` instead and consider `PhantomData<T>` (if you also use `#[may_dangle]`), `Send`, and/or `Sync`
[INFO] [stdout]   --> /opt/rustwide/cargo-home/registry/src/github.com-1ecc6299db9ec823/hyperdex-1.1.0/src/admin.rs:39:23
[INFO] [stdout]    |
[INFO] [stdout] 39 |             let ptr = Unique::new(ptr);
[INFO] [stdout]    |                       ^^^^^^^^^^^
[INFO] [stdout] 
[INFO] [stdout] 
[INFO] [stdout] error[E0658]: use of unstable library feature 'ptr_internals': use `NonNull` instead and consider `PhantomData<T>` (if you also use `#[may_dangle]`), `Send`, and/or `Sync`
[INFO] [stdout]    --> /opt/rustwide/cargo-home/registry/src/github.com-1ecc6299db9ec823/hyperdex-1.1.0/src/admin.rs:209:23
[INFO] [stdout]     |
[INFO] [stdout] 209 |             let res = Unique::new(null::<i8>() as *mut i8);
[INFO] [stdout]     |                       ^^^^^^^^^^^
[INFO] [stdout] 
[INFO] [stdout] 
[INFO] [stdout] error[E0658]: use of unstable library feature 'ptr_internals': use `NonNull` instead and consider `PhantomData<T>` (if you also use `#[may_dangle]`), `Send`, and/or `Sync`
[INFO] [stdout]  --> /opt/rustwide/cargo-home/registry/src/github.com-1ecc6299db9ec823/hyperdex-1.1.0/src/client_types.rs:7:5
[INFO] [stdout]   |
[INFO] [stdout] 7 | use std::ptr::Unique;
[INFO] [stdout]   |     ^^^^^^^^^^^^^^^^
[INFO] [stdout] 
[INFO] [stdout] 
[INFO] [stdout] error[E0277]: the size for values of type `Self` cannot be known at compilation time
[INFO] [stdout]    --> /opt/rustwide/cargo-home/registry/src/github.com-1ecc6299db9ec823/hyperdex-1.1.0/src/client_types.rs:141:39
[INFO] [stdout]     |
[INFO] [stdout] 141 |     fn from_hyper(val: HyperValue) -> Result<Self, HyperObjectKeyError>;
[INFO] [stdout]     |                                       ^^^^^^^^^^^^^^^^^^^^^^^^^^^^^^^^^ doesn't have a size known at compile-time
[INFO] [stdout]     |
[INFO] [stdout]     = help: the trait `std::marker::Sized` is not implemented for `Self`
[INFO] [stdout]     = note: to learn more, visit <https://doc.rust-lang.org/book/ch19-04-advanced-types.html#dynamically-sized-types-and-the-sized-trait>
[INFO] [stdout] help: consider further restricting `Self`
[INFO] [stdout]     |
[INFO] [stdout] 141 |     fn from_hyper(val: HyperValue) -> Result<Self, HyperObjectKeyError> where Self: std::marker::Sized;
[INFO] [stdout]     |                                                                         ^^^^^^^^^^^^^^^^^^^^^^^^^^^^^^
[INFO] [stdout] 
[INFO] [stdout] 
[INFO] [stdout] error: aborting due to 22 previous errors
[INFO] [stdout] 
[INFO] [stdout] 
[INFO] [stdout] Some errors have detailed explanations: E0277, E0432, E0554, E0658.
[INFO] [stdout] 
[INFO] [stdout] For more information about an error, try `rustc --explain E0277`.
[INFO] [stdout] 
[INFO] [stderr] error: could not compile `hyperdex`.
[INFO] [stderr] 
[INFO] [stderr] To learn more, run the command again with --verbose.
[INFO] running `Command { std: "docker" "inspect" "b9129bdc5f4991da90535e381e2c239b6fb330a5de363b6fbfa81a30a0cd852a", kill_on_drop: false }`
[INFO] running `Command { std: "docker" "rm" "-f" "b9129bdc5f4991da90535e381e2c239b6fb330a5de363b6fbfa81a30a0cd852a", kill_on_drop: false }`
[INFO] [stdout] b9129bdc5f4991da90535e381e2c239b6fb330a5de363b6fbfa81a30a0cd852a
